5?
-3
Convert -21 (base 4) to base 2.
-1001
Convert 101 (base 3) to base 5.
20
-22 (base 7) to base 3
-121
Convert 57 (base 15) to base 16.
52
4 (base 9) to base 16
4
What is 5 (base 13) in base 15?
5
What is -28 (base 9) in base 3?
-222
Convert 25 (base 8) to base 14.
17
Convert -74 (base 8) to base 10.
-60
What is 1 (base 14) in base 13?
1
What is -100 (base 2) in base 15?
-4
0 (base 13) to base 12
0
What is -3 (base 4) in base 6?
-3
What is 12 (base 3) in base 4?
11
65 (base 14) to base 7
155
Convert -1 (base 10) to base 11.
-1
Convert 10 (base 4) to base 10.
4
What is 28 (base 16) in base 7?
55
What is -30 (base 5) in base 12?
-13
-4 (base 5) to base 4
-10
What is 4 (base 6) in base 16?
4
What is -14 (base 7) in base 10?
-11
What is 16 (base 13) in base 8?
23
-131 (base 10) to base 5
-1011
Convert 1110111 (base 2) to base 3.
11102
513 (base 6) to base 10
189
What is -2 (base 5) in base 10?
-2
What is b (base 15) in base 3?
102
2110 (base 3) to base 2
1000010
What is -5 (base 6) in base 13?
-5
What is -19 (base 16) in base 12?
-21
-4 (base 13) to base 12
-4
Convert -50 (base 11) to base 12.
-47
What is b2 (base 15) in base 11?
142
Convert 3 (base 9) to base 15.
3
82 (base 12) to base 16
62
What is 0 (base 16) in base 12?
0
What is 1112 (base 5) in base 7?
313
What is -75 (base 14) in base 16?
-67
Convert -4 (base 13) to base 14.
-4
-1 (base 9) to base 13
-1
Convert -19 (base 11) to base 2.
-10100
Convert -153 (base 10) to base 13.
-ba
Convert 158 (base 16) to base 5.
2334
2 (base 10) to base 6
2
121 (base 3) to base 7
22
Convert 145 (base 10) to base 15.
9a
Convert -37 (base 15) to base 2.
-110100
-333 (base 8) to base 13
-13b
Convert f (base 16) to base 11.
14
-2021 (base 3) to base 12
-51
Convert -5 (base 7) to base 6.
-5
What is -16 (base 10) in base 9?
-17
Convert 3 (base 9) to base 12.
3
Convert 18 (base 11) to base 7.
25
What is 1 (base 8) in base 13?
1
212 (base 3) to base 10
23
What is -37 (base 9) in base 4?
-202
-132 (base 8) to base 15
-60
-30 (base 10) to base 5
-110
Convert -101 (base 4) to base 7.
-23
-29 (base 15) to base 14
-2b
Convert -14 (base 7) to base 16.
-b
Convert -10 (base 6) to base 11.
-6
-18 (base 15) to base 4
-113
What is 100 (base 11) in base 6?
321
Convert -154 (base 8) to base 6.
-300
Convert 19 (base 13) to base 14.
18
100111111 (base 2) to base 11
270
1c (base 13) to base 8
31
Convert -2b (base 13) to base 2.
-100101
Convert 1 (base 9) to base 11.
1
210 (base 4) to base 11
33
What is 210 (base 4) in base 6?
100
112 (base 4) to base 15
17
What is 41 (base 12) in base 15?
34
12 (base 10) to base 13
c
-3 (base 10) to base 13
-3
Convert 101001011 (base 2) to base 11.
281
What is -7 (base 13) in base 8?
-7
What is b0 (base 14) in base 3?
12201
-6 (base 9) to base 3
-20
-12 (base 3) to base 5
-10
3 (base 14) to base 3
10
Convert 0 (base 12) to base 16.
0
Convert -45 (base 6) to base 15.
-1e
What is -3 (base 15) in base 6?
-3
f (base 16) to base 15
10
Convert 40 (base 7) to base 5.
103
Convert 10001 (base 2) to base 10.
17
2 (base 12) to base 11
2
Convert -22 (base 3) to base 7.
-11
What is -1c (base 13) in base 14?
-1b
Convert 3 (base 5) to base 7.
3
-322 (base 4) to base 3
-2011
What is 10 (base 6) in base 11?
6
a (base 14) to base 15
a
Convert 6 (base 13) to base 9.
6
Convert 131 (base 14) to base 9.
285
What is 3 (base 10) in base 11?
3
1 (base 16) to base 4
1
Convert 10 (base 14) to base 5.
24
-10 (base 5) to base 6
-5
-1001000 (base 2) to base 13
-57
3 (base 8) to base 4
3
What is -301 (base 4) in base 13?
-3a
Convert 3 (base 7) to base 5.
3
Convert 42 (base 5) to base 12.
1a
9 (base 13) to base 4
21
What is 23 (base 14) in base 12?
27
Convert 10 (base 2) to base 5.
2
-1 (base 2) to base 13
-1
Convert 2 (base 4) to base 2.
10
What is 14 (base 16) in base 11?
19
Convert -2 (base 12) to base 11.
-2
Convert 2 (base 9) to base 10.
2
Convert 71 (base 12) to base 4.
1111
Convert 0 (base 14) to base 3.
0
-2 (base 3) to base 9
-2
Convert 0 (base 6) to base 7.
0
Convert -30 (base 13) to base 4.
-213
Convert -4 (base 15) to base 11.
-4
-5 (base 7) to base 12
-5
-3 (base 4) to base 12
-3
Convert -61 (base 8) to base 2.
-110001
Convert -10 (base 3) to base 2.
-11
51 (base 8) to base 15
2b
What is -36 (base 10) in base 11?
-33
Convert -6 (base 10) to base 8.
-6
0 (base 4) to base 13
0
Convert -12 (base 13) to base 14.
-11
Convert 203 (base 4) to base 15.
25
What is 133 (base 10) in base 16?
85
-31 (base 4) to base 3
-111
What is 13 (base 7) in base 5?
20
What is -1111 (base 2) in base 6?
-23
What is 0 (base 6) in base 8?
0
Convert -c6 (base 15) to base 12.
-136
18 (base 13) to base 4
111
Convert 45 (base 16) to base 5.
234
-2 (base 11) to base 2
-10
106 (base 9) to base 2
1010111
Convert 1c7 (base 14) to base 16.
173
Convert -3 (base 12) to base 6.
-3
Convert 4 (base 8) to base 15.
4
-10121 (base 3) to base 11
-89
Convert 20 (base 6) to base 8.
14
0 (base 6) to base 13
0
-8 (base 9) to base 3
-22
-101010 (base 2) to base 16
-2a
Convert 112 (base 3) to base 12.
12
What is 1 (base 2) in base 9?
1
-48 (base 15) to base 6
-152
Convert 3 (base 10) to base 5.
3
What is 144 (base 8) in base 6?
244
Convert 21a (base 13) to base 4.
11221
63 (base 13) to base 10
81
Convert -6 (base 10) to base 4.
-12
-4 (base 16) to base 3
-11
What is 1 (base 12) in base 14?
1
96 (base 12) to base 5
424
What is -1 (base 3) in base 4?
-1
What is 6 (base 11) in base 8?
6
What is -101 (base 3) in base 4?
-22
-1 (base 6) to base 12
-1
Convert -213 (base 8) to base 11.
-117
What is -100000001 (base 2) in base 4?
-10001
What is 22 (base 3) in base 12?
8
Convert a (base 11) to base 14.
a
Convert -2 (base 4) to base 16.
-2
Convert -3 (base 8) to base 12.
-3
Convert b4 (base 16) to base 15.
c0
3 (base 16) to base 15
3
What is 12 (base 4) in base 2?
110
-41 (base 6) to base 8
-31
Convert -22 (base 4) to base 9.
-11
What is 21 (base 8) in base 5?
32
-33 (base 8) to base 5
-102
82 (base 11) to base 3
10100
5 (base 9) to base 8
5
122 (base 3) to base 10
17
-4 (base 5) to base 7
-4
Convert 1323 (base 6) to base 12.
243
What is -12 (base 11) in base 3?
-111
Convert 1 (base 9) to base 10.
1
What is -101 (base 4) in base 13?
-14
What is -1 (base 11) in base 12?
-1
What is -126 (base 8) in base 16?
-56
What is -13 (base 12) in base 16?
-f
Convert 26 (base 9) to base 2.
11000
What is -100111 (base 2) in base 13?
-30
-55 (base 15) to base 12
-68
Convert -101111 (base 2) to base 7.
-65
Convert 47 (base 12) to base 7.
106
What is 61 (base 12) in base 5?
243
What is 130 (base 7) in base 14?
50
Convert -2d (base 16) to base 8.
-55
Convert 2 (base 16) to base 14.
2
1b (base 14) to base 11
23
Convert -25 (base 12) to base 7.
-41
What is 3 (base 15) in base 3?
10
What is -111 (base 4) in base 8?
-25
Convert 20 (base 5) to base 13.
a
Convert a (base 14) to base 5.
20
Convert -1434 (base 6) to base 9.
-464
0 (base 9) to base 12
0
What is -1e (base 16) in base 14?
-22
What is -12201 (base 3) in base 16?
-9a
Convert -27 (base 15) to base 5.
-122
Convert -1101 (base 4) to base 3.
-10000
15 (base 13) to base 12
16
Convert 8 (base 9) to base 6.
12
-7 (base 16) to base 12
-7
What is 4 (base 14) in base 6?
4
Convert 1 (base 12) to base 10.
1
What is 100 (base 5) in base 8?
31
-16 (base 7) to base 10
-13
5 (base 15) to base 10
5
-12 (base 9) to base 15
-b
What is -1 (base 5) in base 13?
-1
-1 (base 9) to base 13
-1
What is -55 (base 8) in base 13?
-36
Convert -10 (base 2) to base 14.
-2
-17 (base 8) to base 2
-1111
-3023 (base 4) to base 3
-21112
Convert 1000011 (base 2) to base 14.
4b
-2 (base 14) to base 8
-2
49 (base 12) to base 10
57
-63 (base 13) to base 2
-1010001
Convert -3e (base 15) to base 14.
-43
0 (base 16) to base 12
0
What is -3 (base 12) in base 9?
-3
What is -1020 (base 3) in base 5?
-113
-26 (base 10) to base 15
-1b
Convert -5 (base 7) to base 5.
-10
-2 (base 16) to base 14
-2
25 (base 9) to base 11
21
323 (base 7) to base 5
1124
What is -22 (base 5) in base 13?
-c
What is -20 (base 4) in base 2?
-1000
-26 (base 13) to base 9
-35
e (base 15) to base 6
22
What is 21 (base 3) in base 7?
10
-37 (base 12) to base 6
-111
What is 2 (base 8) in base 10?
2
Convert -2 (base 6) to base 12.
-2
What is -101 (base 2) in base 11?
-5
Convert -1a4 (base 13) to base 16.
-12f
25 